1
Let a = -22 + 23. Let n(r) = -r - 5 - r + 3*r. Let u(x) = -1. Let c(g) = a*n(g) - 3*u(g). Determine c(3).
1
Let h(r) be the first derivative of -6 + 6*r + 1/3*r**3 - 6*r**2. What is h(11)?
-5
Let l(p) = p**3 - 7*p**2 + 6*p + 7. Let t = 38 + -36. Suppose 0 = i - 2*i + 4*y + t, -4*y - 14 = -3*i. Calculate l(i).
7
Let b be ((-8)/10)/(2/5). Let v(r) = 6*r**3 + 7*r**2 + 5*r - 1. Let c(g) = -11*g**3 - 13*g**2 - 9*g + 2. Let j(t) = 4*c(t) + 7*v(t). Calculate j(b).
7
Let g(l) = -l**2 - 7*l + 1. Suppose -15 = -y - 12. Let i(n) = -y + 0*n**2 + 1 - n**3 - 5*n**2 - 5*n. Let z be i(-3). Give g(z).
11
Let q(l) be the second derivative of -l**5/20 + 3*l**4/4 - l**2 - 135*l. Determine q(9).
-2
Let v(a) be the third derivative of -a**5/60 + 7*a**4/24 + 5*a**3/6 - 34*a**2. What is v(9)?
-13
Let a(y) = 8*y**2 + 2*y - 1. Let f(n) = -2*n - 6. Let s(p) = p**3 + 3*p**2 + 2*p + 2. Let w be s(-3). Let m be f(w). Suppose -x + 3 = m*x. What is a(x)?
9
Let t(d) be the second derivative of -5/2*d**2 + 0 + 1/6*d**3 - 11*d. Calculate t(0).
-5
Let a = 125 + -113. Let c(o) = -o + 9. Determine c(a).
-3
Let y(t) = -3*t - 3 - t**3 + 701*t**2 - 704*t**2 + t + 1. Suppose -4*f = -3*f - 10. Suppose 2 + f = -4*x. Calculate y(x).
4
Suppose p + 4 = -3*p. Let d be (-3)/((-55)/30 + (-2)/(-6)). Let i(h) = 3 - 474*h - d + 481*h. Determine i(p).
-6
Suppose 0 = -25*w + 85*w - 240. Let h(f) = -3*f + 4. Determine h(w).
-8
Let s(y) = -y**2 - 6*y + 4. Suppose 9 = -0*c - 3*c. Let d(m) be the first derivative of -m**3/3 - m**2 - 7. Let z be d(c). Determine s(z).
13
Let v(h) = h**2 + 15*h + 24. Let g(k) = k**3 - 19*k**2 + 47*k + 2. Let q be g(16). Give v(q).
10
Let k(s) = -s**3 + 4*s**2 - 2*s + 1. Let g(o) be the first derivative of o + 1/2*o**2 + 5. Let i(n) = 6*g(n) + k(n). Determine i(5).
2
Let s(i) = 813*i + 809*i + 4 + 2*i**2 - 1615*i + 3*i**2 + i**3. Determine s(-4).
-8
Let z(o) = -5*o**2 - o + 4. Let u(v) = -6*v**2 + 3. Let s(f) = -6*u(f) + 7*z(f). Give s(4).
-2
Let h(v) = v**2 + 8*v + 15. Let c be h(-5). Let p(k) = -k**2 + 0*k + 7*k - 2 - 3*k - 5*k. What is p(c)?
-2
Let l(i) = -5*i - 15. Let v be 8/(-3)*3/2. Let r be l(v). Let p(u) = -2*u + 6. Calculate p(r).
-4
Let c(i) = -i - 14. Suppose 0 = a + 16 - 18. Let n be ((-30)/35)/(a/14). Determine c(n).
-8
Let s(g) = -g**3 - g**2 + 6*g + 1. Let c(i) = i**3 - 7*i - 1. Let u = 49 + -46. Let y(w) = u*c(w) + 4*s(w). Calculate y(-3).
-17
Let t(o) = -o**2 + 2*o - 8. Let z(a) = -a**3 - 22*a**2 - 63*a - 114. Let u be z(-19). Determine t(u).
-8
Let s = -110 - -114. Suppose 18 + 2 = s*r. Let n(u) be the second derivative of u**3/3 - 3*u**2 + u. What is n(r)?
4
Let x(j) = -j**2 + 5*j + 6. Let a be 10/3*60/25. What is x(a)?
-18
Let x(m) = m**3 - 20*m**2 + 33*m - 12. Let t be x(18). Let y = t + 62. Let h(q) = 5*q + 5. Let g(f) = -4*f - 5. Let j(a) = -4*g(a) - 3*h(a). Calculate j(y).
1
Let u be (3/6)/(2/12) + 1. Let a be 1/(-1) - (-4 - 2). Suppose -a*y + u = 9. Let z(g) = -2*g - 1. What is z(y)?
1
Suppose 0 = 5*z - 5*d + 5 + 20, -5*d - 29 = 4*z. Let b(i) = 3*i + 15. Give b(z).
-3
Let d(u) = -u**2 + 8*u - 9. Let q(b) = 4*b**2 - 3*b**2 - 5*b - 5 + 11. Let y be q(4). Suppose 0 = 4*x - 0*j - 3*j - 21, -y*x - 3*j = -15. What is d(x)?
3
Let k(i) = -15*i + 12*i**2 + 21 + 77607*i**3 - 14 - 77608*i**3 - 8*i + 19. Calculate k(10).
-4
Suppose 7*u - 3*k = -6, -6*k + 10 = -k. Let i(z) = -z**2 - z + 1. Determine i(u).
1
Let r be (-8)/12 - (2 + (-78)/9). Let w(q) = -2*q**2 + 5*q + 3. What is w(r)?
-39
Let y(z) be the third derivative of z**5/60 + z**4/4 - z**3/2 - 4*z**2 + 6*z. What is y(-8)?
13
Let c be 25/10*4/5. Suppose 3*h - 4 = c*h. Let v(j) = -j**2 + 5*j. Let w(l) = -2*l**2 + 10*l. Let q(r) = 5*v(r) - 2*w(r). Give q(h).
4
Let x(w) be the third derivative of -w**5/120 + w**4/24 + 7*w**3/6 - 10*w**2. Let z(m) be the first derivative of x(m). Give z(3).
-2
Let b(y) = 7 - 7*y - y**2 + y - 3. Suppose 21*r = 16*r - 335. Let u = 61 + r. Calculate b(u).
4
Suppose -3*j = 5*q - 25, -2*q + 14*j + 41 = 9*j. Let p(t) = -5*t**2 + 14*t - 12. Let z(k) = 14*k**2 - 41*k + 35. Let v(h) = -11*p(h) - 4*z(h). Determine v(q).
8
Let i(o) = o + 8. Let u(j) = -j - 1. Let s(q) = 2*i(q) + 4*u(q). Give s(8).
-4
Let f(b) = -10*b**2 + 4 + b**2 + 8*b**2 + 3*b. Determine f(-3).
-14
Let z(m) = -m**3 + 2*m**2 + m + 12. Let n(r) = r**3 - 58*r**2 - 62*r + 177. Let o be n(59). Calculate z(o).
12
Let r(s) = 3*s**3 + s**2. Suppose j = -2*j - z + 27, -47 = -5*j - z. Let x be (-1 + j)*32/(-24). Let b(d) = d**2 + 13*d + 13. Let i be b(x). What is r(i)?
4
Let g(v) = -3*v + 3. Suppose -3*p - n + 2*n = -4, 4*p + 3*n = 27. Suppose p*k - 4*r = -2*r + 27, -5*r = 2*k + 1. What is g(k)?
-18
Let l(b) = -6*b + 2*b**2 - 2*b + 3 - b**2. Suppose -17*z + 23*z - 48 = 0. Let f be l(z). Let h(p) = -p**3 + 3*p**2 + p - 3. Determine h(f).
0
Let p(x) = x**3 - 5*x**2 + 6*x + 2. Let j(i) = -5*i**3 + 23*i**2 - 29*i - 9. Let q(s) = 2*j(s) + 11*p(s). Calculate q(8).
4
Let r(j) = -j + 1. Let t(l) = l**3 - 2*l + 3. Let c(v) = -3*r(v) + t(v). Suppose 4*g + 3*i - 54 = -82, -5*g - 45 = 5*i. Determine c(g).
-2
Let d(l) = l**2 + 6*l + 2. Let o = 577 - 582. What is d(o)?
-3
Let r(v) = 5*v - 4*v - 11 - 19 + 32. Let j = 1 + -1. Suppose -3*m = -2*s - 1, 2*m + 1 = -j*s + s. Calculate r(m).
-1
Let w be ((-115)/253)/((-4)/44). Let b(s) be the third derivative of 1/60*s**w - 3*s**2 - 3/2*s**3 + 0*s + 5/24*s**4 + 0. Give b(-7).
5
Let f be 10/(-30)*246/(-2). Suppose f = -x + 43. Let s(i) = -i**3 + i**2 - 3*i + 3. What is s(x)?
-7
Let b = 1 + -7. Let w(n) be the second derivative of 4*n**2 - 7/12*n**4 + 4*n + 0 - 5/6*n**3 - 1/20*n**5. Calculate w(b).
2
Let u(t) = -7*t. Let x(g) = -8*g. Let k(o) = o. Let b(f) = 20*k(f) + 3*x(f). Let l(q) = 3*q + 4. Let h be l(-3). Let j(w) = h*b(w) + 3*u(w). Determine j(-5).
5
Suppose 5*o = -3*k - 22, 3*o = 2*o - 5. Let b(a) be the third derivative of -19*a**5/60 + a**3/6 - a**2. Give b(k).
-18
Let f(g) = 5*g**2 - 9*g**2 + 3*g - 4 + 5*g**2. Let l be -7 + (-12)/(-8 + 4). Determine f(l).
0
Let c(w) = -3*w - 18. Let p be c(-7). Let d(n) = 0*n**3 - p*n**2 + 2*n - 1 - n**3 + n. Let f(u) = -u**3 + 4*u**2 + 4*u + 2. Let x be f(5). Give d(x).
-10
Let o(z) = -13*z + 136. Let a be o(10). Let i(v) = -7*v - v**2 + 0*v + 2*v**2. Give i(a).
-6
Suppose -2*d - 35 = 3*d. Let x(n) = -9294*n**2 - n**3 + 1 + 9286*n**2 - 47*n + 40*n. Calculate x(d).
1
Let s(r) be the first derivative of -18 + r + 7/2*r**2 + 1/3*r**3. Determine s(-5).
-9
Let g be (2/4)/(5/(-10)). Let k(b) be the third derivative of b**6/120 + b**5/60 - b**4/24 - 54*b**2. Give k(g).
1
Let q(f) = 3*f - 6. Suppose u + 5 = 5*z, 4*u + 10 = 5*z - 10. Suppose z = 4*h + 4*k, 0 = -4*h + 5*k + 14 + 22. Give q(h).
6
Let d be ((-1)/3)/((-2)/54). Let v(b) = 2*b - 2. Calculate v(d).
16
Let a(w) = -6*w**3 + 3*w**2 - 2*w. Let q be a(1). Let s(p) = p**2 + 6*p + 3. Determine s(q).
-2
Let h(q) be the first derivative of -1/4*q**4 + 26 - q**2 + 7*q + 2*q**3. What is h(6)?
-5
Let o(j) = 5*j**2 + 8*j + 8. Let d(m) = 4*m**2 + 7*m + 6. Let a(w) = 4*d(w) - 3*o(w). Give a(-3).
-3
Let s = 29 - 27. Let i(y) = 6*y - 2*y**2 - 2*y**2 - 2 + 1 + 5*y**s. Determine i(-7).
6
Let y(d) = -d - 1. Let l(q) = q**2 - 13*q + 17. Let z be l(12). Let n(r) = -z + 2 - 8 + 1 - 7*r. Let g(v) = -n(v) + 6*y(v). Determine g(-7).
-3
Let q = -39 + 38. Suppose 2 - 5 = -w. Let a(z) = -w*z**2 + 4*z**2 + z**2 + 0*z**2. Determine a(q).
2
Let b(r) = -3*r - 7. Let n(q) = 1 - 2*q + 2*q + 3 + q. Let j(a) = 3*b(a) + 5*n(a). What is j(4)?
-17
Let a(h) be the third derivative of h**6/120 - h**4/12 + h**3/2 - h**2. Suppose 2*b = 6*b - 32. Suppose 6 = -c + b. Calculate a(c).
7
Suppose 0*l - 2*l = -4. Let y(b) = -3 + 3 + 3 + b**l. Calculate y(0).
3
Suppose -9 = -5*r + 1. Let j(x) = -6 + 3*x + 6*x**2 + x**3 + 4 - r*x + 3. Let w = -10 + 4. What is j(w)?
-5
Suppose 26 = 4*b + 2*z, 2*z - 10 - 2 = -2*b. Let n(x) = 7*x**3 + 1 + b*x**2 + 0*x - 3*x**2 - 8*x**3 - 3*x. Let l = -3 - -5. Determine n(l).
3
Let t(r) = -r - 3 + 2*r + 0. Suppose -175 = -4*c - c. Let h = c + -31. Calculate t(h).
1
Suppose -10*l = -12 - 8. Let q(f) = -19*f**2 + 9*f**l + 10*f**2 + 10*f**2. What is q(-1)?
10
Let c = 123 + -122. Let j(n) = 16*n - 1. What is j(c)?
15
Let q(i) = 10*i**3 + i**2 - i - 2. Suppose 38*f + 24 = -14. What is q(f)?
-10
Let c(u) = -2*u**3 - 49*u**2 